 the ten millions digit of 17332630?
1
What is the units digit of 65506?
6
What is the hundreds digit of 310404?
4
What is the millions digit of 28221742?
8
What is the millions digit of 1759969?
1
What is the units digit of 600758?
8
What is the ten thousands digit of 6696559?
9
What is the hundreds digit of 1248913?
9
What is the thousands digit of 280228?
0
What is the units digit of 278881?
1
What is the hundred thousands digit of 7102566?
1
What is the tens digit of 13134823?
2
What is the thousands digit of 109507?
9
What is the tens digit of 14559946?
4
What is the thousands digit of 194995?
4
What is the tens digit of 1724876?
7
What is the units digit of 556031?
1
What is the thousands digit of 66854?
6
What is the ten thousands digit of 1068114?
6
What is the hundred thousands digit of 113730?
1
What is the thousands digit of 90893?
0
What is the ten thousands digit of 625793?
2
What is the hundreds digit of 18361147?
1
What is the thousands digit of 1426618?
6
What is the units digit of 447258?
8
What is the hundreds digit of 809980?
9
What is the thousands digit of 2334023?
4
What is the tens digit of 799650?
5
What is the hundred thousands digit of 103288?
1
What is the thousands digit of 2994718?
4
What is the tens digit of 73122?
2
What is the units digit of 11213419?
9
What is the ten thousands digit of 130010?
3
What is the units digit of 22700938?
8
What is the ten thousands digit of 835963?
3
What is the hundreds digit of 103998?
9
What is the ten thousands digit of 881379?
8
What is the thousands digit of 19799491?
9
What is the thousands digit of 26965?
6
What is the thousands digit of 115547?
5
What is the tens digit of 142314?
1
What is the units digit of 671505?
5
What is the thousands digit of 1122557?
2
What is the ten thousands digit of 874591?
7
What is the ten millions digit of 15819855?
1
What is the hundreds digit of 24373253?
2
What is the ten thousands digit of 536218?
3
What is the ten thousands digit of 1347714?
4
What is the tens digit of 57869?
6
What is the hundreds digit of 109914?
9
What is the thousands digit of 153321?
3
What is the hundred thousands digit of 769617?
7
What is the thousands digit of 2104524?
4
What is the hundred thousands digit of 249564?
2
What is the millions digit of 2671952?
2
What is the hundreds digit of 2740166?
1
What is the hundred thousands digit of 265023?
2
What is the ten thousands digit of 103607?
0
What is the hundred thousands digit of 14166841?
1
What is the hundreds digit of 95106?
1
What is the ten thousands digit of 592759?
9
What is the ten thousands digit of 7144257?
4
What is the hundreds digit of 148050?
0
What is the ten thousands digit of 101718?
0
What is the tens digit of 4575698?
9
What is the ten thousands digit of 358755?
5
What is the tens digit of 390058?
5
What is the millions digit of 3400844?
3
What is the hundred thousands digit of 2796790?
7
What is the thousands digit of 2347087?
7
What is the thousands digit of 545925?
5
What is the thousands digit of 5444571?
4
What is the ten thousands digit of 8379355?
7
What is the units digit of 252633?
3
What is the hundred thousands digit of 5884987?
8
What is the hundred thousands digit of 8411892?
4
What is the hundreds digit of 1451580?
5
What is the tens digit of 1495224?
2
What is the units digit of 1775795?
5
What is the thousands digit of 20067993?
7
What is the ten thousands digit of 110295?
1
What is the ten thousands digit of 136903?
3
What is the hundreds digit of 8947?
9
What is the ten thousands digit of 9981023?
8
What is the tens digit of 1289129?
2
What is the hundred thousands digit of 115653?
1
What is the ten millions digit of 12603609?
1
What is the ten millions digit of 24267976?
2
What is the tens digit of 938494?
9
What is the hundreds digit of 7664256?
2
What is the hundred thousands digit of 994403?
9
What is the hundreds digit of 994277?
2
What is the hundred thousands digit of 9960963?
9
What is the tens digit of 64902?
0
What is the hundreds digit of 987385?
3
What is the tens digit of 3261178?
7
What is the millions digit of 2055102?
2
What is the hundreds digit of 550087?
0
What is the thousands digit of 13966633?
6
What is the units digit of 178390?
0
What is the hundred thousands digit of 754978?
7
What is the ten thousands digit of 10818296?
1
What is the tens digit of 15742740?
4
What is the hundred thousands digit of 221609?
2
What is the hundred thousands digit of 421504?
4
What is the hundred thousands digit of 10544152?
5
What is the tens digit of 23023686?
8
What is the units digit of 121142?
2
What is the thousands digit of 20000617?
0
What is the hundred thousands digit of 6749327?
7
What is the hundred thousands digit of 210112?
2
What is the millions digit of 2217748?
2
What is the millions digit of 2184440?
2
What is the hundreds digit of 5398406?
4
What is the thousands digit of 239149?
9
What is the thousands digit of 1234177?
4
What is the thousands digit of 3340320?
0
What is the ten thousands digit of 202304?
0
What is the hundreds digit of 6236761?
7
What is the ten thousands digit of 3411279?
1
What is the ten thousands digit of 8599745?
9
What is the ten thousands digit of 61318?
6
What is the units digit of 209454?
4
What is the ten thousands digit of 9252172?
5
What is the ten thousands digit of 756315?
5
What is the units digit of 2238440?
0
What is the thousands digit of 275610?
5
What is the hundreds digit of 936663?
6
What is the ten thousands digit of 38493?
3
What is the units digit of 110647?
7
What is the tens digit of 3201809?
0
What is the hundred thousands digit of 12251051?
2
What is the tens digit of 2666104?
0
What is the tens digit of 29192178?
7
What is the units digit of 405828?
8
What is the thousands digit of 1634780?
4
What is the units digit of 6262276?
6
What is the units digit of 295476?
6
What is the ten thousands digit of 289856?
8
What is the units digit of 281525?
5
What is the tens digit of 1660197?
9
What is the thousands digit of 72379?
2
What is the units digit of 337242?
2
What is the thousands digit of 983261?
3
What is the thousands digit of 171610?
1
What is the hundreds digit of 198476?
4
What is the units digit of 76977?
7
What is the tens digit of 511517?
1
What is the units digit of 591532?
2
What is the units digit of 154240?
0
What is the thousands digit of 12405445?
5
What is the hundred thousands digit of 6919279?
9
What is the ten thousands digit of 61870?
6
What is the tens digit of 130957?
5
What is the thousands digit of 1762157?
2
What is the hundreds digit of 31644?
6
What is the units digit of 575876?
6
What is the units digit of 4891222?
2
What is the hundred thousands digit of 6242864?
2
What is the thousands digit of 260580?
0
What is the hundreds digit of 2073208?
2
What is the ten thousands digit of 75090?
7
What is the tens digit of 2632020?
2
What is the thousands digit of 7959631?
9
What is the hundreds digit of 394362?
3
What is the tens digit of 18174?
7
What is the millions digit of 7061943?
7
What is the hundreds digit of 628409?
4
What is the hundred thousands digit of 1120603?
1
What is the thousands digit of 5340347?
0
What is the thousands digit of 511876?
1
What is the hundred thousands digit of 253681?
2
What is the hundreds digit of 247270?
2
What is the ten millions digit of 16282396?
1
What is the hundreds digit of 10581640?
6
What is the hundred thousands digit of 769972?
7
What is the hundred thousands digit of 14607260?
6
What is the units digit of 2404091?
1
What is the tens digit of 639639?
3
What is the millions digit of 9565296?
9
What is the hundreds digit of 136996?
9
What is the thousands digit of 23768?
3
What is the thousands digit of 5952849?
2
What is the hundred thousands digit of 11181841?
1
What is the hundreds digit of 397050?
0
What is the thousands digit of 239930?
9
What is the tens digit of 46495?
9
What is the ten thousands digit of 924248?
2
What is the hundred thousands digit of 5241814?
2
What is the tens digit of 1519451?
5
What is the hundreds digit of 4060206?
2
What is the units digit of 2989721?
1
What is the ten thousands digit of 1936982?
3
What is the thousands digit of 951779?
1
What is the millions digit of 9724978?
9
What is the ten thousand